f**2 + 3*f + 13*f - 91*f**2 + 48*f**2 - 5. Let g be ((-7)/2)/(3/6). Determine p(g).
-51
Suppose -3*o + 82 = 5*k, 3*o - 3*k - 43 = 23. Suppose -8 = -4*r, 4*r + 8 = 28*d - o*d. Let f(h) = 4*h - 4. Give f(d).
12
Let m(r) = 19*r**2 - 59*r**2 - 47 + 17*r**2 + 18*r + 24*r**2. Give m(-21).
16
Let k(p) = -9*p**3 - 2*p**2 - 10*p - 29. Let b(q) = 5*q**3 + q**2 + 5*q + 16. Let v(i) = 11*b(i) + 6*k(i). Give v(-4).
-58
Let b(g) = -3*g**2 + 24*g + 91. Let v be (-124)/(-12) + ((-12)/(-42) - 16/(-42)). Calculate b(v).
-8
Let f(t) = -t**3 + 7*t**2 + 8*t + 9. Let u = -20 - -38. Suppose 0*r - u = -3*r. Let z be (r/12)/(2/12) + 5. Determine f(z).
9
Let q(c) = c**2 - 2*c - 1. Let a be q(2). Let z(d) = 106*d - 15*d - 12*d - 59*d - 19*d + 19*d**2. What is z(a)?
18
Let q(k) = -36*k**2 - 3*k + 7 - 34*k**2 + 68*k**2 - k. Let b(j) = -j**3 - 9*j**2 + 12*j + 15. Let l = 10 - 20. Let x be b(l). Give q(x).
-23
Let a(o) = 2*o. Let l(q) = 25*q + 315. Let b be l(-12). Suppose 2*j - 4*k + b = 5, 19 = -5*j + 4*k. Give a(j).
-6
Let w(k) = k**2 - 19*k + 437. Let a(v) = -4*v**2 + 83*v - 1969. Let y(t) = 2*a(t) + 9*w(t). Let r be (2 + -1)*(-4)/(-1). Determine y(r).
-9
Let h(c) = -c**3 - 6*c**2 - 14*c - 2. Let k(x) = 3 + 6*x**2 + 4583*x**3 + 16*x + 0*x**2 - 4582*x**3. Let v(p) = -6*h(p) - 5*k(p). Determine v(-4).
13
Suppose 0 = -36*n - 57 - 35 - 16. Let m(p) = 3*p**3 - 4*p - 7. What is m(n)?
-76
Let h(p) = -p**3 + 11*p**2 - 10*p + 9. Let t = 396 - 388. Suppose -22 - t = -3*x. What is h(x)?
9
Let g(m) = -m**2 - 10*m - 14. Let l be (-168)/(-90) + -2 + 133/(-15). Determine g(l).
-5
Let j(r) = -3*r**2 + 71*r - 54. Let p(d) = -d**2 + 25*d - 18. Let a(k) = 6*j(k) - 17*p(k). Suppose 3*v = -2*v + 4*v. What is a(v)?
-18
Let f(p) = p**2 - 10*p - 2. Suppose -2*z + 104 = -t + 33, t - z + 69 = 0. Let n = t - -67. Suppose n*b = b - 8. Determine f(b).
-18
Let j(n) = -2*n**2 + 3*n - 3. Let a(k) = -k**3 + 10*k**2 - 8*k + 34. Let b be a(8). Let h = b + -102. Let u be -2 + (h + 8 - 0). Give j(u).
-5
Let q be (-25)/(-4550)*26*(1 - -132). Let g(z) = z**3 - 18*z**2 - 16*z + 4. Calculate g(q).
61
Let o(d) be the first derivative of d**5/30 + d**4/24 - 4*d**3 + 12. Let f(n) be the third derivative of o(n). Suppose 3*q - 3 = 6*q. Calculate f(q).
-3
Let m(c) = -c**2 - 2*c + 12. Let b(k) be the second derivative of k**4/6 + k**3/2 - 13*k**2 + 91*k. Let w(r) = 6*b(r) + 13*m(r). Give w(-7).
7
Suppose -4*f = 2*w + 230, -2*w + 0*w - 232 = 2*f. Let m = -118 - w. Let x(j) = -3*j**3 + 2*j**2 + 2*j + 1. What is x(m)?
4
Let k(q) = q**2 - 5. Let o(r) = -r**2 - 2*r + 9. Let g be o(0). Suppose 2*a - 5*a = -g. Let d be a/(-3) + 1 - -4. Give k(d).
11
Let c(z) = -2*z + 15. Let q be (-3)/(-7) - (-243)/21. Let g(b) = 8*b**2 - 96*b. Let k be g(q). Determine c(k).
15
Let d(n) be the first derivative of -n**2 + 12*n + 3142. Give d(-10).
32
Suppose -6 = -2*f - q + 5*q, -2*f + 5*q + 4 = 0. Suppose 0 = -3*u + 2*z + 4, -3*u - 2*z = -f*z - 10. Let m(w) = w - 42 + 88 - 42. Determine m(u).
4
Let v(f) = -5*f**2 + f + 2. Let h(z) = -z**3 + z**2. Let m(w) = 3*h(w) + v(w). Let r be (-132)/(-13) - (-6)/(-39). Suppose 0 - r = 5*x. Calculate m(x).
16
Let q(w) = 5*w**3 + 6*w**2 - 2*w - 54. Let g(c) = 3*c**3 + 3*c**2 - 2*c - 30. Let n(s) = -7*g(s) + 4*q(s). What is n(4)?
2
Let p(f) = f**3 - 3*f**2 - 6*f - 1. Let x be p(5). Suppose x*d = 4*d + 7*d. Let o(j) = j**2 + 17. Give o(d).
17
Let b(x) = x**2 - 10*x + 2. Suppose 8*s + 20 = 12*s. Suppose 131 = 18*c + s. Determine b(c).
-19
Let f(g) = g**3 + 6*g**2 - 476*g + 14. Let s be f(-25). Let b(o) = -o**2 + 38*o + 43. What is b(s)?
4
Suppose -4*h = -2 - 18. Suppose 0 = h*k - 16 - 14. Let o(u) = 3*u**2 - 15 + 13 - u**3 + u**2 + k*u. Determine o(4).
22
Let m(w) = -3*w**2 - 90*w - 539. Let c be m(-22). Let t(a) = 2*a**3 + 20*a**2 - 21*a - 2. What is t(c)?
-13
Let g be (-4 + (-88)/(-24))*(-10 - -1). Let l(v) be the third derivative of v**4/4 - 2*v**3/3 + 209*v**2. What is l(g)?
14
Let p(g) = -g**3 + 11*g**2 - 4. Suppose -23 - 10 = 11*a. Let b be -11*(a + 8 + -6). Determine p(b).
-4
Let w(p) = p**2 - 13*p + 12. Let y be 14/(-70) + (-126)/(-5). Suppose -4*u + y = d, -4*d + 51 = -3*u + 8. Calculate w(d).
12
Let r(j) = j**3 - 15*j**2 - 16*j + 14. Let d(t) = -t**2 - 166*t + 2928. Let m be d(16). Give r(m).
14
Let g(r) = -50*r - 11. Let k(l) = 11*l + 1. Suppose 39*b - 76 = 119. Let w(p) = b*k(p) + g(p). Calculate w(2).
4
Let t(j) = j**2 + 6*j + 16. Let o(i) = 124*i + 4210. Let b be o(-34). What is t(b)?
16
Suppose -306*g = -309*g + 3849. Let s(z) = 433 + z + 427 + 436 - g. Calculate s(-4).
9
Let x(k) = -31*k**3 - 151*k - 31*k**2 + 32*k**3 - 31 + 49*k. Determine x(34).
-31
Let n = -509 - -511. Let w(i) = -i**3 - 3*i**2 - 3*i + 9. What is w(n)?
-17
Let s(o) be the second derivative of 9*o**5/20 - o**3/6 + o**2/2 + 3*o - 113. Let h(n) = -n**2 + 3*n + 5. Let z be h(4). What is s(z)?
9
Let y(v) = 6*v + 21. Suppose -17*c - 135 = 23*c - 55*c. Give y(c).
75
Let t(c) = -c**3 + 6*c**2 - 10*c + 2. Let m(z) be the first derivative of z**2/2 + 4. Let k(s) = -3*m(s) - t(s). Let j = -2424 - -2429. What is k(j)?
8
Let q(n) = -34*n + 10 - 25*n + 2*n**2 + 84*n + 9 - 30*n. Give q(6).
61
Let b(y) = 68594*y + 20*y**2 + 5 - 68594*y. Let k(q) be the second derivative of 5*q**4/6 + q**2 + q. Let m(o) = -3*b(o) + 7*k(o). What is m(1)?
9
Let r(z) = -18*z**2 + 49*z + 4*z**3 - 695834 + 3*z**2 - 3*z**3 + 695830. Determine r(10).
-14
Let t(l) = l**2 - 35. Let n(j) = 5. Let r(a) = 6*n(a) + t(a). What is r(3)?
4
Let t(j) = 21 - 8*j + 617*j**3 - 5*j**2 - 561*j**3 - 55*j**3. Determine t(6).
9
Let k = 113 + -108. Let a(v) be the first derivative of v**4/4 - 2*v**3 + 7*v**2/2 - 5*v + 29. What is a(k)?
5
Let t(b) = 37*b + 55. Let j(l) = 52*l + 83. Let y(q) = 5*j(q) - 7*t(q). Give y(-14).
16
Let z(n) = -n**2 + 9*n - 4. Let d = 9 + -5. Suppose -23*o + 26*o - 9 = 0. Suppose -a + d = -o. Give z(a).
10
Let p(j) = 4*j**2 - 74*j - 2. Let q(s) = -7*s**2 + 124*s + 1. Let w(o) = -12*p(o) - 7*q(o). Determine w(-13).
-74
Let p(t) = -13 + 115*t - 9 + 129*t - 246*t. Let b(c) = -c**2 + 10*c + 8. Let y be b(-2). Determine p(y).
10
Let l = -2543 - -2554. Let q(r) = -r + 17. Give q(l).
6
Let k(j) be the first derivative of -j**4/4 + j**3/3 - 2*j**2 + 30*j + 2431. What is k(0)?
30
Let w(c) be the third derivative of c**5/30 - c**4/2 + 5*c**3/3 + c**2 - 645. Give w(7).
24
Let i(c) = -c**2 - 6*c - 4. Let v = 4068 - 4070. Calculate i(v).
4
Let y be 6/(-24)*-188*2. Let j(x) = -43 - 51 + y - 4*x. Suppose -5*k - 3*s = 2*s, -3*k - 2*s = 2. What is j(k)?
8
Let w(m) = m**3 + 9*m**2 + 6*m - 1. Let n be 1 + 6 + -7 - -15. Let v be ((-120)/(-18) + -4)/((-5)/n). Give w(v).
15
Let x(d) be the second derivative of -d**7/2520 - d**6/240 + d**5/120 - 19*d**4/6 + 30*d - 2. Let p(v) be the third derivative of x(v). Determine p(2).
-9
Let u(j) = j**2 + 10*j + 9. Let i = -211 - -280. Suppose -57 = 14*w + i. Give u(w).
0
Let r(m) = m**2 - 2*m - 1. Let n(k) = -12*k**2 + 12*k + 4. Suppose -4*z = 5*j - 41, -5*j - 5*z + 31 + 14 = 0. Let o(h) = j*r(h) + n(h). Calculate o(1).
-6
Let j(i) = 40*i + 110. Let c(k) = -10*k - 27. Let v(u) = 9*c(u) + 2*j(u). Give v(-5).
27
Let y(o) = 68*o**3 + 11*o**2 + 15*o + 13. Let g(m) = 106*m**3 + 17*m**2 + 23*m + 20. Let r(d) = -7*g(d) + 11*y(d). Determine r(-2).
-45
Let y be -9 + (1 - (-13 + 17)). Let q(r) = r**3 + 12*r**2 + r + 23. Determine q(y).
11
Let u(i) = i**3 - 9*i**2 + 7*i + 16. Suppose 0 = -186*l + 189*l - 27. Give u(l).
79
Let k be (-30)/(-8) - (-170)/40. Let v(h) = 8*h - 51. Give v(k).
13
Let w(i) = i + 3. Let p(v) = v**3 - 3*v**2 - v - 1. Suppose -7 - 5 = 3*l. Let t(r) = r + 7. Let f be t(l). Let o be p(f). Give w(o).
-1
Let f(x) = 4*x + 8. Let v(c) = 3*c + 14. Let i(p) = -f(p) + v(p). Calculate i(6).
0
Let x(l) = -l**2 - 7*l + 10. Let v be (-6 + 1)*(48/(-10) - -6). Let a be v/(-4)*496/(-93). What is x(a)?
2
Let y(b) = 3*b**2 + 33*b - 11. Let j be (1 - -11 - 10) + -12. Calculate y(j).
-41
Let h(a) be the first derivative of -2*a**2 - 6*a - 15. Let p = 4 + -6. Let v be h(p). Let z(m) = -12*m - 1. What is z(v)?
-25
Let b(l) be the second derivative of l**4/12 - 3*l**3/2 - 7*l**2 + 2*l + 1. Calculate b(8).
-22
Let k(d) = -2*d + 3. Let o(n) be the first derivative of 13/2*n**2 + 1/4*n**4 + 14 - 5*n**3 + 19*n. Let x be o(14). Calculate k(x).
-7
Let